{"id":3,"date":"2025-07-19T13:06:43","date_gmt":"2025-07-19T13:06:43","guid":{"rendered":"https:\/\/kuebocats.de\/?page_id=3"},"modified":"2026-01-22T10:47:28","modified_gmt":"2026-01-22T10:47:28","slug":"privacy-policy","status":"publish","type":"page","link":"https:\/\/kuebocats.de\/index.php\/privacy-policy\/","title":{"rendered":"Impressum"},"content":{"rendered":"\n<h2 class=\"wp-block-heading has-medium-font-size\">ANBIETER DER HOMEPAGE WWW.KUEBOCATS.DE<\/h2>\n\n\n\n<p class=\"has-medium-font-size\">KATZENSCHUTZ K\u00dcHLUNGSBORN E.V.<br>\u2028SEESCHWALBENWEG 2, <br>18225 OSTSEEBAD K\u00dcHLUNGSBORN\u2028<br>TELEFON 0176-24087599<br>EMAIL <a href=\"mailto:stueverkarin@gmail.com\" target=\"_blank\" rel=\"noreferrer noopener\">STUEVERKARIN@GMAIL.COM<\/a><br>VERTRETEN DURCH DEN VORSTAND<br>KARIN ST\u00dcVER UND OLAF WEITENDORF<br>DER VEREIN IST BEIM AG BAD DOBERAN UNTER VR 552 BLATT 1 INS VEREINSREGISTER ENGETRAGEN.<br><br>DAS LAYOUT DER HOMEPAGE, DIE VERWENDETEN GRAFIKEN UND BILDER SIND URHEBERRECHTLICH GESCH\u00dcTZT. ALLE RECHTE DER VERVIELF\u00c4LTIGUNG UND DER VERBREITUNG AUCH TEILWEISE, BEHALTEN SICH DER KATZENSCHUTZ K\u00dcHLUNGSBORN E.V. SOWIE DIE LIZENZGEBER DER GRAFIKEN VOR.<\/p>\n\n\n\n<h2 class=\"wp-block-heading has-medium-font-size\">\u2028EXTERNE LINKS\/HAFTUNG<\/h2>\n\n\n\n<p class=\"has-medium-font-size\">TROTZ SORGF\u00c4LTIGER INHALTLICHER KONTROLLE \u00dcBERNEHMEN WIR KEINE HAFTUNG F\u00dcR DIE INHALTE EXTERNER LINKS. F\u00dcR DEN INHALT DER VERLINKTEN SEITEN SIND AUSSCHLIESSLICH DEREN BETREIBER VERANTWORTLICH. WIR HABEN AUF UNSEREN SEITEN LINKS ZU SEITEN IM INTERNET GELEGT, DEREN INHALT UND AKTUALISIERUNG NICHT DEM EINFLUSSBEREICH DES KATZENSCHUTZ K\u00dcHLUNGSBORN E.V. UNTERLIEGEN. F\u00dcR ALLE DIESE LINKS GILT: WIR HABEN KEINEN EINFLUSS AUF GESTALTUNG UND INHALTE FREMDER INTERNETSEITEN. DER KATZENSCHUTZ K\u00dcHLUNGSBORN E.V. DISTANZIERT SICH DAHER VON ALLEN FREMDEN INHALTEN, AUCH WENN VON UNSEREN SEITEN AUF DIESE EXTERNE SEITEN EIN LINK GESETZT WURDE.<\/p>\n\n\n\n<h2 class=\"wp-block-heading has-medium-font-size\">INHALT DER SEITE<\/h2>\n\n\n\n<p class=\"has-medium-font-size\">DER AUTOR \u00dcBERNIMMT KEINERLEI GEW\u00c4HR F\u00dcR DIE AKTUALIT\u00c4T, KORREKTHEIT, VOLLST\u00c4NDIGKEIT ODER QUALIT\u00c4T DER BEREITGESTELLTEN INFORMATIONEN. HAFTUNGSANSPR\u00dcCHE GEGEN DEN AUTOR, WELCHE SICH AUF SCH\u00c4DEN MATERIELLER ODER IDEELLER ART ODER AUF RECHTSVERLETZUNGEN BEZIEHEN, DIE DURCH DIE NUTZUNG ODER NICHTNUTZUNG DER DARGESTELLTEN INFORMATIONEN BZW. DURCH DIE NUTZUNG FEHLERHAFTER UND UNVOLLST\u00c4NDIGER INFORMATIONEN VERURSACHT WURDEN, SIND GRUNDS\u00c4TZLICH AUSGESCHLOSSEN, SOFERN SEITENS DES AUTORS KEIN NACHWEISLICH VORS\u00c4TZLICHES ODER GROB FAHRL\u00c4SSIGES VERSCHULDEN VORLIEGT. ALLE ANGEBOTE SIND FREIBLEIBEND UND UNVERBINDLICH. DER AUTOR BEH\u00c4LT SICH AUSDR\u00dcCKLICH VOR, TEILE DER SEITEN ODER DAS GESAMTE ANGEBOT OHNE GESONDERTE ANK\u00dcNDIGUNG ZU VER\u00c4NDERN, ZU ERG\u00c4NZEN, ZU L\u00d6SCHEN ODER DIE VER\u00d6FFENTLICHUNG ZEITWEISE ODER ENDG\u00dcLTIG EINZUSTELLEN.<\/p>\n\n\n\n<h2 class=\"wp-block-heading has-medium-font-size\">DATENSCHUTZ<\/h2>\n\n\n\n<p class=\"has-medium-font-size\">Der Schutz Ihrer pers\u00f6nlichen Daten ist uns ein besonderes Anliegen. Wir verarbeiten und speichern Ihre Daten daher ausschlie\u00dflich auf Grundlage der gesetzlichen Bestimmungen (DSGVO, TMG).\u2028In diesen Datenschutzinformationen informieren wir Sie \u00fcber die wichtigsten Aspekte der Datenverarbeitung im Rahmen unserer Website.\u2028Wenn Sie per E-Mail Kontakt mit uns aufnehmen, werden Ihre angegebenen Daten zwecks Bearbeitung der Anfrage und f\u00fcr den Fall von Anschlussfragen sechs Monate bei uns gespeichert.\u2028Datenl\u00f6schung und Speicherung\u2028Ihre personenbezogenen Daten werden gel\u00f6scht oder gesperrt, sobald der Zweck der Speicherung entf\u00e4llt. Eine Weitergabe an Dritte erfolgt nicht.<\/p>\n\n\n\n<h2 class=\"wp-block-heading has-medium-font-size\">RECHTSWIRKSAMKEIT<\/h2>\n\n\n\n<p class=\"has-medium-font-size\">DIESER HAFTUNGSAUSSCHLUSS IST TEIL DES INTERNETANGEBOTES DES KATZENSCHUTZ K\u00dcHLUNGSBORN E.V. SOFERN EINZELNE FORMULIERUNGEN ODER TEILE DIESES TEXTES DER GELTENDEN RECHTSLAGE NICHT MEHR ODER NICHT MEHR VOLLST\u00c4NDIG ENTSPRECHEN, BLEIBEN DIE \u00dcBRIGEN TEILE DIESER ERKL\u00c4RUNG DAVON UNBER\u00dcHRT.\u2028KATZENSCHUTZ K\u00dcHLUNGSBORN E.V., SEESCHWALBENWEG 2, 18225 OSTSEEBAD K\u00dcHLUNGSBORN\u2028VERTRETEN DURCH DEN VORSTAND KARIN ST\u00dcVER UND OLAF WEITENDORF.\u2028GEM\u00c4SS PARAGRAPH 28 BDSG WIDERSPRECHEN WIR JEDER KOMMERZIELLEN VERWENDUNG UND WEITERGABE UNSERER DATEN.<\/p>\n\n\n\n<h2 class=\"wp-block-heading has-medium-font-size\">URHEBERSCHUTZ UND NUTZUNG<\/h2>\n\n\n\n<p class=\"has-medium-font-size\">DER URHEBER R\u00c4UMT IHNEN GANZ KONKRET DAS NUTZUNGSRECHT EIN, SICH EINE PRIVATE KOPIE F\u00dcR PERS\u00d6NLICHE ZWECKE ANZUFERTIGEN. NICHT BERECHTIGT SIND SIE DAGEGEN, DIE MATERIALIEN ZU VER\u00c4NDERN UND\/ODER WEITER ZU GEBEN ODER GAR SELBST ZU VER\u00d6FFENTLICHEN.\u2028DIE INHALTE DIESES WEBPROJEKTES WURDEN SORGF\u00c4LTIG GEPR\u00dcFT UND NACH BESTEM WISSEN ERSTELLT. ABER F\u00dcR DIE HIER DARGEBOTENEN INFORMATIONEN WIRD KEIN ANSPRUCH AUF VOLLST\u00c4NDIGKEIT, AKTUALIT\u00c4T, QUALIT\u00c4T UND RICHTIGKEIT ERHOBEN. ES KANN KEINE VERANTWORTUNG F\u00dcR SCH\u00c4DEN \u00dcBERNOMMEN WERDEN, DIE DURCH DAS VERTRAUEN AUF DIE INHALTE DIESER WEBSITE ODER DEREN GEBRAUCH ENTSTEHEN.<\/p>\n\n\n\n<h2 class=\"wp-block-heading has-medium-font-size\">SCHUTZRECHTSVERLETZUNG<\/h2>\n\n\n\n<p class=\"has-medium-font-size\">FALLS SIE VERMUTEN, DASS VON DIESER WEBSITE AUS EINES IHRER SCHUTZRECHTE VERLETZT WIRD, TEILEN SIE DAS BITTE UMGEHEND PER ELEKTRONISCHER POST MIT, DAMIT WIR UMGEHEND ABHILFE SCHAFFEN K\u00d6NNEN. BITTE NEHMEN SIE ZUR KENNTNIS: KOSTENPFLICHTIGE ABMAHNUNGEN WERDEN VON UNS \u2013 MIT VERWEIS AUF DIESEN ABSATZ \u2013 ABGELEHNT.<\/p>\n\n\n\n<p><\/p>\n\n\n\n<p><\/p>\n","protected":false},"excerpt":{"rendered":"<p>ANBIETER DER HOMEPAGE WWW.KUEBOCATS.DE KATZENSCHUTZ K\u00dcHLUNGSBORN E.V.\u2028SEESCHWALBENWEG 2, 18225 OSTSEEBAD K\u00dcHLUNGSBORN\u2028TELEFON 0176-24087599EMAIL STUEVERKARIN@GMAIL.COMVERTRETEN DURCH DEN VORSTANDKARIN ST\u00dcVER UND OLAF WEITENDORFDER VEREIN IST BEIM AG BAD DOBERAN UNTER VR 552 BLATT 1 INS VEREINSREGISTER ENGETRAGEN. DAS LAYOUT DER HOMEPAGE, DIE VERWENDETEN GRAFIKEN UND BILDER SIND URHEBERRECHTLICH GESCH\u00dcTZT. ALLE RECHTE DER VERVIELF\u00c4LTIGUNG UND DER VERBREITUNG AUCH TEILWEISE, [&hellip;]<\/p>\n","protected":false},"author":1,"featured_media":0,"parent":0,"menu_order":5,"comment_status":"closed","ping_status":"open","template":"","meta":{"footnotes":""},"class_list":["post-3","page","type-page","status-publish","hentry"],"_links":{"self":[{"href":"https:\/\/kuebocats.de\/index.php\/wp-json\/wp\/v2\/pages\/3","targetHints":{"allow":["GET"]}}],"collection":[{"href":"https:\/\/kuebocats.de\/index.php\/wp-json\/wp\/v2\/pages"}],"about":[{"href":"https:\/\/kuebocats.de\/index.php\/wp-json\/wp\/v2\/types\/page"}],"author":[{"embeddable":true,"href":"https:\/\/kuebocats.de\/index.php\/wp-json\/wp\/v2\/users\/1"}],"replies":[{"embeddable":true,"href":"https:\/\/kuebocats.de\/index.php\/wp-json\/wp\/v2\/comments?post=3"}],"version-history":[{"count":6,"href":"https:\/\/kuebocats.de\/index.php\/wp-json\/wp\/v2\/pages\/3\/revisions"}],"predecessor-version":[{"id":111,"href":"https:\/\/kuebocats.de\/index.php\/wp-json\/wp\/v2\/pages\/3\/revisions\/111"}],"wp:attachment":[{"href":"https:\/\/kuebocats.de\/index.php\/wp-json\/wp\/v2\/media?parent=3"}],"curies":[{"name":"wp","href":"https:\/\/api.w.org\/{rel}","templated":true}]}}